{"id":182,"date":"2025-04-28T15:28:18","date_gmt":"2025-04-28T15:28:18","guid":{"rendered":"https:\/\/supermarketlavictoria.ch\/?page_id=182"},"modified":"2025-04-28T15:28:18","modified_gmt":"2025-04-28T15:28:18","slug":"cookies","status":"publish","type":"page","link":"https:\/\/supermarketlavictoria.ch\/index.php\/cookies\/","title":{"rendered":"Cookies"},"content":{"rendered":"\n<p>En <strong>Supermarket La Victoria<\/strong> (Kanzleistrasse 115, 8004 Z\u00farich, Suiza), utilizamos cookies para mejorar la experiencia de navegaci\u00f3n y ofrecerte un servicio m\u00e1s personalizado. Esta pol\u00edtica explica qu\u00e9 son las cookies, c\u00f3mo las usamos y tus opciones para gestionarlas.<\/p>\n\n\n\n<p><strong>\u00bfQu\u00e9 son las cookies?<\/strong><br>Las cookies son peque\u00f1os archivos de texto que se almacenan en tu dispositivo cuando visitas un sitio web. Permiten recordar tus preferencias, mejorar la funcionalidad del sitio y analizar el tr\u00e1fico web.<\/p>\n\n\n\n<p><strong>Tipos de cookies que utilizamos:<\/strong><\/p>\n\n\n\n<ul class=\"wp-block-list\">\n<li><strong>Cookies esenciales:<\/strong> necesarias para el funcionamiento b\u00e1sico del sitio.<\/li>\n\n\n\n<li><strong>Cookies de rendimiento:<\/strong> para analizar c\u00f3mo los usuarios interact\u00faan con nuestro sitio web.<\/li>\n\n\n\n<li><strong>Cookies de funcionalidad:<\/strong> para recordar tus preferencias y personalizar tu experiencia.<\/li>\n\n\n\n<li><strong>Cookies de publicidad:<\/strong> en caso de campa\u00f1as promocionales, para mostrarte anuncios relevantes.<\/li>\n<\/ul>\n\n\n\n<p><strong>Gesti\u00f3n de cookies:<\/strong><br>Puedes aceptar o rechazar las cookies modificando la configuraci\u00f3n de tu navegador. Ten en cuenta que desactivar algunas cookies puede afectar el funcionamiento del sitio.<\/p>\n\n\n\n<p><strong>Protecci\u00f3n de datos:<\/strong><br>El tratamiento de los datos recopilados mediante cookies se realiza conforme a la <strong>Ley Federal de Protecci\u00f3n de Datos (LPD)<\/strong> de Suiza y a nuestra <a href=\"https:\/\/supermarketlavictoria.ch\/privacy\">Pol\u00edtica de Privacidad<\/a>.<\/p>\n\n\n\n<p><strong>Contacto:<\/strong><br>Para cualquier consulta relacionada con esta pol\u00edtica, puedes escribirnos a: <strong><a class=\"\">info@supermarketlavictoria.ch<\/a><\/strong>.<\/p>\n","protected":false},"excerpt":{"rendered":"<p>En Supermarket La Victoria (Kanzleistrasse 115, 8004 Z\u00farich, Suiza), utilizamos cookies para mejorar la experiencia de navegaci\u00f3n y ofrecerte un servicio m\u00e1s personalizado. Esta pol\u00edtica explica qu\u00e9 son las cookies, c\u00f3mo las usamos y tus opciones para gestionarlas. \u00bfQu\u00e9 son las cookies?Las cookies son peque\u00f1os archivos de texto que se almacenan en tu dispositivo cuando [&hellip;]<\/p>\n","protected":false},"author":1,"featured_media":0,"parent":0,"menu_order":0,"comment_status":"closed","ping_status":"closed","template":"","meta":{"footnotes":""},"class_list":["post-182","page","type-page","status-publish","hentry"],"_links":{"self":[{"href":"https:\/\/supermarketlavictoria.ch\/index.php\/wp-json\/wp\/v2\/pages\/182","targetHints":{"allow":["GET"]}}],"collection":[{"href":"https:\/\/supermarketlavictoria.ch\/index.php\/wp-json\/wp\/v2\/pages"}],"about":[{"href":"https:\/\/supermarketlavictoria.ch\/index.php\/wp-json\/wp\/v2\/types\/page"}],"author":[{"embeddable":true,"href":"https:\/\/supermarketlavictoria.ch\/index.php\/wp-json\/wp\/v2\/users\/1"}],"replies":[{"embeddable":true,"href":"https:\/\/supermarketlavictoria.ch\/index.php\/wp-json\/wp\/v2\/comments?post=182"}],"version-history":[{"count":1,"href":"https:\/\/supermarketlavictoria.ch\/index.php\/wp-json\/wp\/v2\/pages\/182\/revisions"}],"predecessor-version":[{"id":183,"href":"https:\/\/supermarketlavictoria.ch\/index.php\/wp-json\/wp\/v2\/pages\/182\/revisions\/183"}],"wp:attachment":[{"href":"https:\/\/supermarketlavictoria.ch\/index.php\/wp-json\/wp\/v2\/media?parent=182"}],"curies":[{"name":"wp","href":"https:\/\/api.w.org\/{rel}","templated":true}]}}